er when p is divided by 64?
62
Let s(j) = 3*j**2 + 27*j - 949. Let a(r) = -r + 9. Let w be a(4). Suppose -32 = w*x - 92. What is the remainder when s(-23) is divided by x?
5
Let f(p) = 62*p + 650. Let w(u) = 6*u + 4. Calculate the remainder when f(-8) is divided by w(6).
34
What is the remainder when 33/(-4)*(-18928)/84 is divided by 19?
16
Calculate the remainder when 9518 is divided by 6405/4270 + 0 + (-442)/(-4) + 0.
110
Let g(a) = -2*a + 17. Let l(u) = 6*u - 52. Let x(n) = -16*g(n) - 5*l(n). Let m be x(7). Suppose 4 = m*r - 2. Calculate the remainder when 7 is divided by r.
1
Let s = -50 + 49. Let p be s/(-3)*3 + -7. Let r(u) = u**3 + 6*u**2 - u + 6. What is the remainder when 33 is divided by r(p)?
9
Suppose -4*v + 102 = 5*d - 11, -4 = -2*v. Let u = 2776 - 2738. Calculate the remainder when u is divided by d.
17
Suppose p - 1041 = -5*g, 317*g = 319*g - 4*p - 412. Calculate the remainder when g is divided by 31.
22
Let x = 12233 - 12132. What is the remainder when 691 is divided by x?
85
Suppose 0 = -3*d - 5*g + 291, -g + 3 = -2*g. Let h(k) = -k**3 + 5*k**2 + 10*k - 19. Calculate the remainder when d is divided by h(6).
2
Let r = 3474 + -3446. What is the remainder when 5480 is divided by r?
20
Let r = -1330 + 5423. Calculate the remainder when r is divided by 65.
63
Let x(g) = -3*g - g + 6 + 10*g + 46 - 5*g. Calculate the remainder when 570 is divided by x(0).
50
Suppose -3*w - 4*t - 20 = 0, 2*w - t = -2*w - 14. Suppose 4*o = 72 - 4. Calculate the remainder when o is divided by w*(-165)/100 - (-3)/(-5).
5
Let f(w) be the first derivative of w**4/4 + 6*w**3 + 16*w**2 + 31*w - 183. What is the remainder when f(-16) is divided by (-68)/6*(-6)/4?
14
Let q = 95 + -58. Calculate the remainder when q is divided by (-68)/(-7) + (-1510)/(-5285).
7
Suppose -60*r + 1250 + 19450 = 0. Calculate the remainder when r is divided by 48.
9
Let z(g) = 220*g - 9246. What is the remainder when z(46) is divided by 55?
49
Let j(u) = u**3 - 5*u - 2. Let w be j(-2). Suppose 3*b + 6 = -4*h + b, w = -3*b - 9. Calculate the remainder when 41 is divided by h + 87/12 + 7/(-28).
6
Let a = -48808 - -51101. What is the remainder when a is divided by 249?
52
Let f(r) = -2*r**3 - 4*r**2 - 3*r - 3. Let o = -16 - -930. Suppose -29*a = -o - 449. Calculate the remainder when a is divided by f(-3).
23
Suppose -5*k - 3*r - 411 = -8*k, -2*k + 262 = 2*r. Calculate the remainder when k/(((-6)/(-4))/(30/8)) is divided by 56.
55
What is the remainder when 105 is divided by ((-12)/14)/(342/(-5586))?
7
Suppose 75*u - 266 = -41. What is the remainder when 88 is divided by u?
1
Calculate the remainder when (-27)/(-90) + 4594/20 is divided by 59.
53
Let v(m) = -m**2 - 87*m - 1390. What is the remainder when 95 is divided by v(-64)?
13
What is the remainder when (40/6)/((40/12)/10) is divided by 10?
0
Let a = 6 - -10. What is the remainder when a is divided by (-31 - (-8 - 68))*2/6?
1
Suppose 2*b = 4*c - 5616, -4*c - 5648 = -4*b + 6*b. Calculate the remainder when 178 is divided by 10/(-135) - b/108.
22
Let n(k) = -34*k + 276. Let y be n(8). Let x(h) = -54*h + 247. Calculate the remainder when 122 is divided by x(y).
29
Suppose 6*c - 10*c = -496. Let z = 139 - c. What is the remainder when 3 + 0/(-3) + 71 is divided by z?
14
Let t(r) = 13*r**2 - 27*r + 102. What is the remainder when t(15) is divided by 8?
6
Suppose -3*n + 53 - 23 = 0. Suppose 38 = 5*q + n*g - 6*g, 0 = 3*q + 2*g - 22. Calculate the remainder when (-7)/(-7)*(26 - -1) is divided by q.
3
Suppose -439*x - 836 = -450*x. What is the remainder when 1474 is divided by x?
30
Let y(p) = -77*p**2 + 2*p. Let h(r) = -5*r - 6. Let b be h(-1). Let k be y(b). Let m = k - -160. What is the remainder when m is divided by 21?
18
Let y = 1179 - 501. Suppose 0 = 11*b - 5*b - y. Calculate the remainder when b is divided by (-2)/(320/(-156) + 2).
35
Let v = -542 - -1221. Let z = v - 239. Calculate the remainder when z is divided by 49.
48
Let c = 9503 - 9403. Let j(h) = -19*h - 2. What is the remainder when c is divided by j(-2)?
28
Let z = 117 - 24. What is the remainder when z is divided by 79?
14
Let x = -15033 - -19399. What is the remainder when x is divided by 21?
19
Suppose -10*w - 29*w + 273 = 0. Calculate the remainder when 48 is divided by 114/w - 8/28.
0
Suppose 0 = 3*f - 5*l - 73, 18 = 2*f - 5*l - 19. What is the remainder when 469 is divided by f?
1
Let s(n) = 6*n**2 + 285*n + 847. What is the remainder when s(-3) is divided by (-1)/(2*3/(-162))?
19
Let q(m) = m**2 + 9*m - 4. Let t be q(-16). Suppose -2*c + t = -5*a - 0*c, 0 = c - 4. Let x = a - -75. Calculate the remainder when x is divided by 19.
17
Suppose -4 = -2*d, -13*d + 16*d - 48 = -3*i. Suppose 5*j - 63 = l, -i*l = -16*l + 4. What is the remainder when 76 is divided by j?
11
Calculate the remainder when ((20/(-12))/(-5))/(3992/(-3996) + 1) is divided by 48.
45
Let o = -294 + 622. Let j(d) = 13*d**3 + d**2. Let z be j(-1). What is the remainder when 113 is divided by o/14 - z/(-28)?
21
Suppose 78 = p - 2*o + 18, -3*p + o = -140. Calculate the remainder when 456 is divided by p.
16
Let k(a) = a**2 + 27*a - 79. Let i be (-300)/(-8)*(-56)/70. Calculate the remainder when 30 is divided by k(i).
8
Let a be (644 - 1) + 1 + 0. Let g = -1623 + 1639. Suppose a = -2*l + g*l. Calculate the remainder when 89 is divided by l.
43
Suppose 0 = -5*x + 2*s + 2*s + 338, 4*s = -5*x + 322. Suppose -2*n - 5*o = -4*n - 1, n - 7 = o. What is the remainder when x is divided by ((-68)/(-6))/(4/n)?
32
Let t(b) = 137*b + 849. Calculate the remainder when 909 is divided by t(-4).
6
Let j(h) = -28*h + 250. Let q(g) = 10*g + 17. Calculate the remainder when q(11) is divided by j(8).
23
What is the remainder when ((-24915)/66)/(-1) + (-1)/2 is divided by 19?
16
Let o(n) = 5*n - 20. Calculate the remainder when o(16) is divided by (14 - 864/80)*5.
12
Suppose -1391 = 5*n - g, -3*n - 5*g = 650 + 207. Let t = 289 + n. Calculate the remainder when 85 is divided by t.
5
Let l = 16 + -31. Let s = -42 + 75. What is the remainder when (48/l)/((-4)/120) is divided by s?
30
Let x be (-5)/(10/(-21))*26/39. What is the remainder when 642/x + (-4)/(-14) is divided by 8?
4
Suppose -i + 103 - 64 = 3*y, -5*y + 35 = 0. What is the remainder when 394 is divided by i?
16
Suppose -52 = -2*q - 2*k, 5*q - 2*k - 169 = -60. Calculate the remainder when 91 is divided by q.
22
Suppose -5*k + 96 = -159. Suppose 0 = -5*s - 1268*x + 1271*x + 54, s + 5*x + 34 = 0. What is the remainder when k is divided by s?
3
Let a be (16/3)/((-1)/3). Let j = 5364 - 4348. What is the remainder when (0 - 2)/(a/j) is divided by 26?
23
Let j(t) = 2*t**2 - 19*t + 83. Let g(l) = 3*l**3 - 5*l**2 + l - 5. What is the remainder when g(4) is divided by j(5)?
35
What is the remainder when (18/(-9))/(12/6)*-245 is divided by 49?
0
Suppose -2*k - b + 202 = 0, -54*b = -55*b - 2. What is the remainder when 1730 is divided by k?
98
What is the remainder when 4287 is divided by ((-2)/(-6))/(12 - (-16625)/(-1386))?
63
Suppose 7 = 4*i - 17, 221 = 5*p + i. Calculate the remainder when 136 is divided by p.
7
Suppose 45*b - 344 = -2*g + 47*b, -2*b = g - 178. What is the remainder when g is divided by 10?
4
Suppose -5*h + h = 228. Suppose 4*r = -5*q - 352, -3*q - r - 208 = 3*r. Let m = h - q. Calculate the remainder when 55 is divided by m.
10
Suppose -2*c + q + 1056 = 0, 17 = -4*q - 7. What is the remainder when c is divided by 14?
7
Let a = 38598 + -38573. Calculate the remainder when 6249 is divided by a.
24
Let q be 14/(-4)*((-192)/(-28))/(-3). Suppose -l + 67 = 5*r + q, 0 = -3*l - 3*r + 129. What is the remainder when 191 is divided by l?
35
Let v be (1/3)/(-10 + (-481)/(-48)). Let h(y) = -y**3 + 16*y**2 + 33*y - 79. Calculate the remainder when h(v) is divided by 50.
49
Suppose 3*u - 3*q - 27 = 0, 0 = -u + 4*q + 18. Suppose -7*x = -u*x - 26. What is the remainder when x is divided by 8?
2
Suppose -14*z = -3*z + 385. Let c = z - -38. Suppose p = -2*d + 80, c*d - 79 = p + 41. Calculate the remainder when 79 is divided by d.
39
Let z = -4690 + 5217. Calculate the remainder when z is divided by 124.
31
Let q be 7/(0 + (-1)/2). Let d be 36/30*-15*6/18. Calculate the remainder when (-225)/d + q/28 is divided by 19.
18
Let j(a) = 14*a**3 - 3*a**2 + 2*a - 3. Let p be j(